st the prime factors of q.
2, 7, 73
Let b(d) = 36*d + 5. Suppose 2*n = -4*l + 4, -5*n = l + 1 + 7. Let u be b(n). Let h = 67 - u. List the prime factors of h.
2, 67
Let i(f) be the first derivative of -7*f**2/2 - 5*f - 15. Let u be i(-1). Suppose 0 = -5*h - 8 - 12, 0 = -5*m + u*h + 948. List the prime factors of m.
2, 47
Let u(c) = 3*c**2 - 23*c - 130. Suppose -5*b = -4*h - 108, 5*h - 10 = b - 2*b. What are the prime factors of u(b)?
2, 5, 61
Let z = -114 - -1803. Suppose 3*c = 2*l + z, -3*c + 4*l - l = -1689. List the prime factors of c.
563
Suppose -2*l - n = -17475, -3*n - 5649 = -2*l + 11806. Suppose 427*u = 422*u + l. List the prime factors of u.
1747
Let m be (4/(-4))/(-1)*5. Suppose -24 = -3*f - 3*f. Suppose -2*g + 4*g - 174 = m*l, -296 = -f*g - 3*l. What are the prime factors of g?
7, 11
Let f(x) = 30*x**2 + 6*x - 12. Let u be f(3). Let p(r) = -13*r - u + 284 - 15*r. What are the prime factors of p(-4)?
2, 3, 5
Suppose 0 = 5*z - 3*s - 47887, -102*s = 4*z - 95*s - 38272. List the prime factors of z.
5, 383
Let c = 53 + -17. Let x = c - 9. Suppose -x*q + 200 = -22*q. List the prime factors of q.
2, 5
Let q = -1662 + 3528. Suppose -12*g = -q - 9930. What are the prime factors of g?
983
Suppose -9060 = -z - 19*z. Let y = 201 + z. What are the prime factors of y?
2, 3, 109
Suppose -2*k - k + 36 = 0. Let u be 14/(-21) + (-48691)/(-69). Suppose k*m = 7*m + u. What are the prime factors of m?
3, 47
Let r(p) = 14*p**2 - 9*p + 12. Let c be r(5). Suppose 312*o = c*o - 5045. What are the prime factors of o?
1009
Let h = 64 - 63. Let g be (8/(-36) - (-6)/27)*h. Suppose 2*r - 3*q - 388 = g, 2*r + 386 = 4*r - 4*q. List the prime factors of r.
197
Suppose s + 3*i = 32992, -64*i - 98954 = -3*s - 62*i. What are the prime factors of s?
2, 16493
Let z be (7 - 10)/(3/(-9)). Suppose z*s - 4298 = -5*s. What are the prime factors of s?
307
Let o be (-20763)/189 - 1/7. List the prime factors of o/(5/((-75)/6)).
5, 11
Suppose 15*s - 1467648 = 15*s - 48*s. List the prime factors of s.
2, 3, 7, 13
Let s = -1864 - -3825. Let a = s + -1030. List the prime factors of a.
7, 19
Let g(f) = 4*f**3 - 3*f**2 + 6*f + 3. Let y be g(-4). Let l = y + -24. List the prime factors of 0 + 4/18 - l/9.
3, 13
Suppose 0 = -3*g - 3*b - 537, -4*g + 65 = -2*b + 769. Let r = g + 246. What are the prime factors of r?
3, 23
Suppose 3*t - 5*o - 286 = t, 3*o - 6 = 0. What are the prime factors of (-7314)/(-4) - (-74)/t?
31, 59
Let z be ((-55)/11)/(1/(-1)). Let j be (-1 - (z + -3))*1. What are the prime factors of 3 + ((-56)/(-1) - j)?
2, 31
Suppose 3*l - 5*a - 19153 - 818 = 0, -2*l + 13328 = -a. What are the prime factors of l?
59, 113
Let a(k) = -k. Let c(i) = -2*i - 13. Let l(b) = 5*a(b) + c(b). Let t = 196 - 222. What are the prime factors of l(t)?
13
Let m be 3 + ((-35)/5 - -34). Suppose -m*k - 2077 = -22867. What are the prime factors of k?
3, 7, 11
Let s(k) = -k**3 - 34*k**2 - 37*k - 316. List the prime factors of s(-36).
2, 11, 41
List the prime factors of 324/(-15) + 21 - (-306426)/10.
2, 3, 5107
Suppose -4*y + 201 = -4447. Let q = y - -89. What are the prime factors of q?
3, 139
Let i(b) = b**3 - 29*b**2 - 34 - 119*b - 5 - 12*b**2 + 164*b. List the prime factors of i(40).
7, 23
Suppose -4*d + 8051 = -2*d - z, 3*d = 3*z + 12084. List the prime factors of d.
3, 149
Suppose 38 - 101 = -y. Let d be (-14)/4*(-54)/y. What are the prime factors of -3*(-1)/(-9) + 10/d?
3
Suppose -2*c - 2*f + 315 = -323, -4*c - 3*f + 1273 = 0. Suppose c - 6 = a. What are the prime factors of a?
2, 5, 31
Let l be (-14738)/(-14) - 13/(182/(-4)). Suppose -2*t = -k - l, -18*k - 2646 = -5*t - 20*k. What are the prime factors of t?
2, 3, 11
Let b be 392/(-21)*(-3)/2. Let j = -25 + b. Suppose 3*n + 4*o - j*o = 110, 0 = -2*n - 4*o + 70. List the prime factors of n.
37
Suppose 0 = 7*t - 572 - 163. Suppose 10*b - t = -5*b. Let v(k) = 20*k - 6. What are the prime factors of v(b)?
2, 67
List the prime factors of (-5)/((-60)/(-2787))*(-88 - (1 + -1)).
2, 11, 929
Suppose -12*i - 11146 = -13*i - 5*t, -4*t = i - 11145. What are the prime factors of i?
13, 857
List the prime factors of ((-903)/6)/(28/(-2408)).
7, 43
Let i(h) = -162*h - 2132. List the prime factors of i(-91).
2, 5, 13, 97
Let u be ((-16)/(-12)*(-6)/(-4))/(-1). Let d(z) = 42*z**2 + 3*z + 6. List the prime factors of d(u).
2, 3, 7
Suppose -111*n + 39100 = -106*n. List the prime factors of n.
2, 5, 17, 23
Let q(a) be the third derivative of -19*a**4/24 - 53*a**3/6 - 3*a**2 - 3. What are the prime factors of q(-22)?
5, 73
Let j(m) = 89*m + 9925. What are the prime factors of j(24)?
7, 1723
Let j(t) = 2*t**3 - 4*t**2 + 131*t - 663. List the prime factors of j(28).
3, 14591
Suppose 4*y = -3*c + 26133, -3*y + 5876 = 4*c - 13736. List the prime factors of y.
2, 3, 17
Let r = 15072 - 10417. Suppose -6*q - 1145 + r = 0. List the prime factors of q.
3, 5, 13
Suppose d - 28 + 20 = 0. List the prime factors of (-4207)/21*(-11 + d).
601
Suppose 3*t + 3*q - 8*q - 135 = 0, -t = -4*q - 52. Suppose -5*b + 4*r = -86, -b - r - 2*r + 2 = 0. Let w = b + t. What are the prime factors of w?
2, 3
Let o be (-3972)/(-10) + (-3 - 56/(-20)). Let g = -32 + o. List the prime factors of g.
5, 73
Let j(u) = 994*u**2 - 43*u - 135. List the prime factors of j(-3).
2, 3, 5, 149
Suppose -z + 860 = -6*z. Let w = 103 + z. Let i = w + 121. What are the prime factors of i?
2, 13
What are the prime factors of (-5)/(8/12*9 + 210221/(-35035))?
5, 7, 13
Let v(r) = r + 1. Let w(i) = -33*i - 46. Let s(m) = -5*v(m) - w(m). Let t be s(-12). What are the prime factors of (-2)/((-40)/t)*(1 + -13)?
3, 59
Suppose -22*v - 191323 = -33*v. What are the prime factors of v?
17393
Let o(r) = 225*r + 12. Let d be o(5). Let f = d - 759. Suppose 0 = -3*c - a + 104 + 178, -f = -4*c - 2*a. What are the prime factors of c?
3, 31
Suppose -3*m = -2*j - 100, 5*m + j + j = 140. Let k = m + -27. Suppose k*g - 462 = -4*p, -3*p + 2*g - 10 = -365. List the prime factors of p.
3, 13
Let p(h) = -567*h**2 - 10*h + 11. Let b(y) = -565*y**2 - 9*y + 12. Let d(n) = 2*b(n) - 3*p(n). List the prime factors of d(1).
2, 7, 41
Let d(p) = -11*p + 1611. List the prime factors of d(89).
2, 79
Let y = 3792 + -2374. What are the prime factors of y?
2, 709
Let k be ((-136)/(-3))/(2 + 20/(-12)). Suppose -248*y - k = -252*y. What are the prime factors of y?
2, 17
Let o(t) = t**3 + 16*t**2 - 15*t + 38. Let j be o(-17). Suppose w - 988 = c, 2*c - 2964 = -7*w + j*w. List the prime factors of w.
2, 13, 19
Let z = 402 + -416. Let h(r) = 5*r**2 - 17*r - 121. What are the prime factors of h(z)?
1097
Let w(r) = -r**2 + 27*r + 32. Let d be w(28). Suppose 3*k - 1 = d*k. Let i(h) = -100*h**3 - h - 1. List the prime factors of i(k).
2, 5
List the prime factors of 791010/40 + 2 + (-21)/(-28).
2, 11, 29, 31
Suppose z - 2*z + 505 = 0. Let d = -199 + z. List the prime factors of d.
2, 3, 17
Suppose 76*z + 570 = 82*z. Suppose -z*l = -104*l + 10665. List the prime factors of l.
3, 5, 79
Let y = -6 - -10. Let w(n) = -27*n - 324. Let s(q) = q + 17. Let u(v) = 21*s(v) + w(v). What are the prime factors of u(y)?
3
Suppose 8011 = 8*y - 78021. What are the prime factors of y?
2, 19, 283
Let i = -11381 + 31054. What are the prime factors of i?
103, 191
Suppose -41*v + 72347 = -8628. What are the prime factors of v?
5, 79
Let r(j) = -j**2 + 10*j - 21. Let s be r(6). List the prime factors of 156/((-2)/(-8)*6/s).
2, 3, 13
Suppose 46*s - 401408 = 14*s. List the prime factors of s.
2, 7
Let s be -1*(-4)/(-8)*0 - -3. Suppose s*n = -15, -4*q + 2*n = 352 - 1438. Suppose -2*p - q = -2*r + p, 5*p - 167 = -r. List the prime factors of r.
2, 71
Suppose -x = 0, -f - x + 1373 = -6*x. Let q = f - 863. List the prime factors of q.
2, 3, 5, 17
Suppose 2*o - 5*g - 208 = 378, 3*g - 282 = -o. Let m be 6/5*100/60. Suppose -2*p = m*p - o. List the prime factors of p.
2, 3
Let v = -30 + 50. Suppose -w - 2*w + 321 = -3*a, -5*w - v = 0. Let f = -66 - a. List the prime factors of f.
3, 5
What are the prime factors of (2/(-3) - (-50956)/(-18)*-3) + 5?
29, 293
Suppose l - 32 = 6. Suppose -43*y + l*y = -1735. List the prime factors of y.
347
Let j(m) = -4*m**3 - 2*m - 2*m**2 + 1 - 3 + 0*m**2 + 0. Suppose 97*x - 102*x - 10 = 0. List the prime factors of j(x).
2, 13
Let u = -31 + 36. Suppose -5*i = 